{"id":116,"date":"2022-01-15T17:31:38","date_gmt":"2022-01-15T15:31:38","guid":{"rendered":"https:\/\/www.seniorenrat-alb-donau-kreis.de\/?page_id=116"},"modified":"2022-03-08T10:36:45","modified_gmt":"2022-03-08T08:36:45","slug":"wie-alles-begann","status":"publish","type":"page","link":"https:\/\/www.seniorenrat-alb-donau-kreis.de\/?page_id=116","title":{"rendered":"Wie alles begann"},"content":{"rendered":"<div class=\"fusion-fullwidth fullwidth-box fusion-builder-row-1 fusion-flex-container nonhundred-percent-fullwidth non-hundred-percent-height-scrolling\" style=\"--awb-border-radius-top-left:0px;--awb-border-radius-top-right:0px;--awb-border-radius-bottom-right:0px;--awb-border-radius-bottom-left:0px;--awb-flex-wrap:wrap;\" ><div class=\"fusion-builder-row fusion-row fusion-flex-align-items-flex-start fusion-flex-content-wrap\" style=\"max-width:1248px;margin-left: calc(-4% \/ 2 );margin-right: calc(-4% \/ 2 );\"><div class=\"fusion-layout-column fusion_builder_column fusion-builder-column-0 fusion_builder_column_1_1 1_1 fusion-flex-column\" style=\"--awb-bg-size:cover;--awb-width-large:100%;--awb-margin-top-large:0px;--awb-spacing-right-large:1.92%;--awb-margin-bottom-large:20px;--awb-spacing-left-large:1.92%;--awb-width-medium:100%;--awb-order-medium:0;--awb-spacing-right-medium:1.92%;--awb-spacing-left-medium:1.92%;--awb-width-small:100%;--awb-order-small:0;--awb-spacing-right-small:1.92%;--awb-spacing-left-small:1.92%;\"><div class=\"fusion-column-wrapper fusion-column-has-shadow fusion-flex-justify-content-flex-start fusion-content-layout-column\"><div class=\"fusion-title title fusion-title-1 fusion-sep-none fusion-title-text fusion-title-size-one\"><h1 class=\"fusion-title-heading title-heading-left\" style=\"margin:0;\">Wie alles begann<\/h1><\/div><div class=\"fusion-text fusion-text-1\"><p>Der Kreisseniorenrat im Alb-Donau-Kreis- e.v.<\/p>\n<p>Gegr\u00fcndet im Mai 1988<\/p>\n<p>Unter der Leitung des Landratsamtes Alb-Donau-Kreis und der Liga der f\u00fcnf Wohlfahrtsverb\u00e4nde:<\/p>\n<ul>\n<li>Deutscher Parit\u00e4tischer Wohlfahrtsverband<\/li>\n<li>Caritas Kreisstelle Ulm<\/li>\n<li>Diakonische Bezirksstelle Ulm<\/li>\n<li>Deutsches Rotes Kreuz, Kreisverband Ulm<\/li>\n<li>Arbeiterwohlfahrt Kreisgesch\u00e4ftsstelle<\/li>\n<\/ul>\n<p>1991 erfolgte die Eintragung des Kreisseniorenrates in das Vereinsregister.<\/p>\n<p>1992 der erste \u00f6ffentliche Auftritt mit einem gro\u00dfen Kreisseniorentag in Ehingen. Diese werden bis heute fortgesetzt.<\/p>\n<p>Die Gr\u00fcndungsmitglieder sahen es als dringendes Gebot der Stunde, eine Interessensvertretung f\u00fcr die \u00c4lteren, in unserem Landkreis ins Leben zu rufen.<\/p>\n<p>Der undifferenzierte Blick auf das Alter war meist negativ besetzt und mit \u00c4ngsten verbunden. Die \u00c4lteren wurden als einheitliche Randgruppe, beziehungsweise Problemgruppe wahrgenommen, ohne zu hinterfragen, dass sie so unterschiedlich sind, wie die Generationen vor ihnen. Die Anerkennung der Lebenserfahrung, der erworbenen Kompetenzen, des angesammelten Wissens ist f\u00fcr unsere Gesellschaft von enormen Wert auf den wir nicht verzichten k\u00f6nnen. Die Mitwirkung der \u00c4lteren, bei der Bew\u00e4ltigung der sozialen Probleme in unserer Gesellschaft, sowie die Gestaltung der Zukunft ist unverzichtbar. Die \u00c4lteren haben ein kostbares Gut, n\u00e4mlich <em>Zeit <\/em>sich zu k\u00fcmmern.<\/p>\n<p>Den Blick auf die \u00e4lteren Generationen weiterhin zu verbessern und sie als selbstst\u00e4ndige Individuen anzuerkennen, bildet immer noch ein Teil unserer Arbeit. Jedoch liegt heute der Schwerpunkt unseres Engagements darin, nachhaltige Verbesserungen der Rahmenbedingungen und Einhaltung der Rechte f\u00fcr alle Lebensbereiche der \u00c4lteren zu erreichen, sowie die Gestaltung eines verbesserten, nahen, sozialen Umfeldes und Teilhabe im Konzert der Generationen.<\/p>\n<\/div><\/div><\/div><\/div><\/div>\n","protected":false},"excerpt":{"rendered":"","protected":false},"author":1,"featured_media":0,"parent":8,"menu_order":0,"comment_status":"closed","ping_status":"closed","template":"","meta":{"footnotes":""},"class_list":["post-116","page","type-page","status-publish","hentry"],"_links":{"self":[{"href":"https:\/\/www.seniorenrat-alb-donau-kreis.de\/index.php?rest_route=\/wp\/v2\/pages\/116","targetHints":{"allow":["GET"]}}],"collection":[{"href":"https:\/\/www.seniorenrat-alb-donau-kreis.de\/index.php?rest_route=\/wp\/v2\/pages"}],"about":[{"href":"https:\/\/www.seniorenrat-alb-donau-kreis.de\/index.php?rest_route=\/wp\/v2\/types\/page"}],"author":[{"embeddable":true,"href":"https:\/\/www.seniorenrat-alb-donau-kreis.de\/index.php?rest_route=\/wp\/v2\/users\/1"}],"replies":[{"embeddable":true,"href":"https:\/\/www.seniorenrat-alb-donau-kreis.de\/index.php?rest_route=%2Fwp%2Fv2%2Fcomments&post=116"}],"version-history":[{"count":6,"href":"https:\/\/www.seniorenrat-alb-donau-kreis.de\/index.php?rest_route=\/wp\/v2\/pages\/116\/revisions"}],"predecessor-version":[{"id":249,"href":"https:\/\/www.seniorenrat-alb-donau-kreis.de\/index.php?rest_route=\/wp\/v2\/pages\/116\/revisions\/249"}],"up":[{"embeddable":true,"href":"https:\/\/www.seniorenrat-alb-donau-kreis.de\/index.php?rest_route=\/wp\/v2\/pages\/8"}],"wp:attachment":[{"href":"https:\/\/www.seniorenrat-alb-donau-kreis.de\/index.php?rest_route=%2Fwp%2Fv2%2Fmedia&parent=116"}],"curies":[{"name":"wp","href":"https:\/\/api.w.org\/{rel}","templated":true}]}}

<div class="fusion-fullwidth fullwidth-box fusion-builder-row-1 fusion-flex-container nonhundred-percent-fullwidth non-hundred-percent-height-scrolling" style="--awb-border-radius-top-left:0px;--awb-border-radius-top-right:0px;--awb-border-radius-bottom-right:0px;--awb-border-radius-bottom-left:0px;--awb-flex-wrap:wrap;" ><div class="fusion-builder-row fusion-row fusion-flex-align-items-flex-start fusion-flex-content-wrap" style="max-width:1248px;margin-left: calc(-4% / 2 );margin-right: calc(-4% / 2 );"><div class="fusion-layout-column fusion_builder_column fusion-builder-column-0 fusion_builder_column_1_1 1_1 fusion-flex-column" style="--awb-bg-size:cover;--awb-width-large:100%;--awb-margin-top-large:0px;--awb-spacing-right-large:1.92%;--awb-margin-bottom-large:20px;--awb-spacing-left-large:1.92%;--awb-width-medium:100%;--awb-order-medium:0;--awb-spacing-right-medium:1.92%;--awb-spacing-left-medium:1.92%;--awb-width-small:100%;--awb-order-small:0;--awb-spacing-right-small:1.92%;--awb-spacing-left-small:1.92%;"><div class="fusion-column-wrapper fusion-column-has-shadow fusion-flex-justify-content-flex-start fusion-content-layout-column"><div class="fusion-title title fusion-title-1 fusion-sep-none fusion-title-text fusion-title-size-one"><h1 class="fusion-title-heading title-heading-left" style="margin:0;">Wie alles begann</h1></div><div class="fusion-text fusion-text-1"><p>Der Kreisseniorenrat im Alb-Donau-Kreis- e.v.</p>
<p>Gegründet im Mai 1988</p>
<p>Unter der Leitung des Landratsamtes Alb-Donau-Kreis und der Liga der fünf Wohlfahrtsverbände:</p>
<ul>
<li>Deutscher Paritätischer Wohlfahrtsverband</li>
<li>Caritas Kreisstelle Ulm</li>
<li>Diakonische Bezirksstelle Ulm</li>
<li>Deutsches Rotes Kreuz, Kreisverband Ulm</li>
<li>Arbeiterwohlfahrt Kreisgeschäftsstelle</li>
</ul>
<p>1991 erfolgte die Eintragung des Kreisseniorenrates in das Vereinsregister.</p>
<p>1992 der erste öffentliche Auftritt mit einem großen Kreisseniorentag in Ehingen. Diese werden bis heute fortgesetzt.</p>
<p>Die Gründungsmitglieder sahen es als dringendes Gebot der Stunde, eine Interessensvertretung für die Älteren, in unserem Landkreis ins Leben zu rufen.</p>
<p>Der undifferenzierte Blick auf das Alter war meist negativ besetzt und mit Ängsten verbunden. Die Älteren wurden als einheitliche Randgruppe, beziehungsweise Problemgruppe wahrgenommen, ohne zu hinterfragen, dass sie so unterschiedlich sind, wie die Generationen vor ihnen. Die Anerkennung der Lebenserfahrung, der erworbenen Kompetenzen, des angesammelten Wissens ist für unsere Gesellschaft von enormen Wert auf den wir nicht verzichten können. Die Mitwirkung der Älteren, bei der Bewältigung der sozialen Probleme in unserer Gesellschaft, sowie die Gestaltung der Zukunft ist unverzichtbar. Die Älteren haben ein kostbares Gut, nämlich <em>Zeit </em>sich zu kümmern.</p>
<p>Den Blick auf die älteren Generationen weiterhin zu verbessern und sie als selbstständige Individuen anzuerkennen, bildet immer noch ein Teil unserer Arbeit. Jedoch liegt heute der Schwerpunkt unseres Engagements darin, nachhaltige Verbesserungen der Rahmenbedingungen und Einhaltung der Rechte für alle Lebensbereiche der Älteren zu erreichen, sowie die Gestaltung eines verbesserten, nahen, sozialen Umfeldes und Teilhabe im Konzert der Generationen.</p>
</div></div></div></div></div>
