{"id":61,"date":"2021-10-06T11:45:40","date_gmt":"2021-10-06T09:45:40","guid":{"rendered":"https:\/\/www.seniorenrat-alb-donau-kreis.de\/?page_id=61"},"modified":"2022-02-28T13:43:49","modified_gmt":"2022-02-28T11:43:49","slug":"zielsetzung","status":"publish","type":"page","link":"https:\/\/www.seniorenrat-alb-donau-kreis.de\/?page_id=61","title":{"rendered":"Zielsetzung"},"content":{"rendered":"<div class=\"fusion-fullwidth fullwidth-box fusion-builder-row-1 fusion-flex-container nonhundred-percent-fullwidth non-hundred-percent-height-scrolling\" style=\"--awb-border-radius-top-left:0px;--awb-border-radius-top-right:0px;--awb-border-radius-bottom-right:0px;--awb-border-radius-bottom-left:0px;--awb-flex-wrap:wrap;\" ><div class=\"fusion-builder-row fusion-row fusion-flex-align-items-flex-start fusion-flex-content-wrap\" style=\"max-width:1248px;margin-left: calc(-4% \/ 2 );margin-right: calc(-4% \/ 2 );\"><div class=\"fusion-layout-column fusion_builder_column fusion-builder-column-0 fusion_builder_column_1_1 1_1 fusion-flex-column\" style=\"--awb-bg-size:cover;--awb-width-large:100%;--awb-margin-top-large:0px;--awb-spacing-right-large:1.92%;--awb-margin-bottom-large:20px;--awb-spacing-left-large:1.92%;--awb-width-medium:100%;--awb-order-medium:0;--awb-spacing-right-medium:1.92%;--awb-spacing-left-medium:1.92%;--awb-width-small:100%;--awb-order-small:0;--awb-spacing-right-small:1.92%;--awb-spacing-left-small:1.92%;\"><div class=\"fusion-column-wrapper fusion-column-has-shadow fusion-flex-justify-content-flex-start fusion-content-layout-column\"><div class=\"fusion-title title fusion-title-1 fusion-sep-none fusion-title-text fusion-title-size-one\"><h1 class=\"fusion-title-heading title-heading-left\" style=\"margin:0;\">Zielsetzung<\/h1><\/div><div class=\"fusion-text fusion-text-1\"><ul>\n<li>Vernetzung und Zusammenarbeit mit allen im Seniorenbereich t\u00e4tigen Einrichtungen und Initiativen im Alb-Donau-Kreis<\/li>\n<li>Enge Zusammenarbeit mit Landesseniorenrat und der Bundesarbeitsgemeinschaft der Seniorenorganisationen<\/li>\n<li>Entwicklung gemeinsamer Projekte<\/li>\n<li>Weitergabe von seniorenrelevanten Informationen<\/li>\n<li>Generelle barrierefreie Teilhabe in der Gesellschaft f\u00fcr SeniorInnen und Personen mit Einschr\u00e4nkungen<\/li>\n<li>Verbesserung des \u00d6PNV<\/li>\n<li>Barrierefreie Zug\u00e4nge in Kommunen und allen anderen Einrichtungen des \u00f6ffentlichen Lebens<\/li>\n<li>Schaffung einer Stelle zur F\u00f6rderung der generations\u00fcbergreifenden Sozialentwicklung f\u00fcr ein sorgendes Gemeinwesen in den Kommunalverwaltungen<\/li>\n<li>Umsetzen des Digitalpaktes auf kommunaler Ebene<\/li>\n<li>Eine Kultur der Anerkennung der ehrenamtlichen Arbeit in allen Bereichen der Gesellschaft<\/li>\n<\/ul>\n<\/div><\/div><\/div><\/div><\/div>\n","protected":false},"excerpt":{"rendered":"","protected":false},"author":1,"featured_media":0,"parent":8,"menu_order":0,"comment_status":"closed","ping_status":"closed","template":"","meta":{"footnotes":""},"class_list":["post-61","page","type-page","status-publish","hentry"],"_links":{"self":[{"href":"https:\/\/www.seniorenrat-alb-donau-kreis.de\/index.php?rest_route=\/wp\/v2\/pages\/61","targetHints":{"allow":["GET"]}}],"collection":[{"href":"https:\/\/www.seniorenrat-alb-donau-kreis.de\/index.php?rest_route=\/wp\/v2\/pages"}],"about":[{"href":"https:\/\/www.seniorenrat-alb-donau-kreis.de\/index.php?rest_route=\/wp\/v2\/types\/page"}],"author":[{"embeddable":true,"href":"https:\/\/www.seniorenrat-alb-donau-kreis.de\/index.php?rest_route=\/wp\/v2\/users\/1"}],"replies":[{"embeddable":true,"href":"https:\/\/www.seniorenrat-alb-donau-kreis.de\/index.php?rest_route=%2Fwp%2Fv2%2Fcomments&post=61"}],"version-history":[{"count":7,"href":"https:\/\/www.seniorenrat-alb-donau-kreis.de\/index.php?rest_route=\/wp\/v2\/pages\/61\/revisions"}],"predecessor-version":[{"id":200,"href":"https:\/\/www.seniorenrat-alb-donau-kreis.de\/index.php?rest_route=\/wp\/v2\/pages\/61\/revisions\/200"}],"up":[{"embeddable":true,"href":"https:\/\/www.seniorenrat-alb-donau-kreis.de\/index.php?rest_route=\/wp\/v2\/pages\/8"}],"wp:attachment":[{"href":"https:\/\/www.seniorenrat-alb-donau-kreis.de\/index.php?rest_route=%2Fwp%2Fv2%2Fmedia&parent=61"}],"curies":[{"name":"wp","href":"https:\/\/api.w.org\/{rel}","templated":true}]}}