{"id":8,"date":"2021-10-06T11:01:55","date_gmt":"2021-10-06T09:01:55","guid":{"rendered":"https:\/\/www.seniorenrat-alb-donau-kreis.de\/?page_id=8"},"modified":"2022-03-07T15:26:57","modified_gmt":"2022-03-07T13:26:57","slug":"kreisseniorenrat","status":"publish","type":"page","link":"https:\/\/www.seniorenrat-alb-donau-kreis.de\/?page_id=8","title":{"rendered":"Kreisseniorenrat"},"content":{"rendered":"<div class=\"fusion-fullwidth fullwidth-box fusion-builder-row-1 fusion-flex-container nonhundred-percent-fullwidth non-hundred-percent-height-scrolling\" style=\"--awb-border-radius-top-left:0px;--awb-border-radius-top-right:0px;--awb-border-radius-bottom-right:0px;--awb-border-radius-bottom-left:0px;--awb-flex-wrap:wrap;\" ><div class=\"fusion-builder-row fusion-row fusion-flex-align-items-flex-start fusion-flex-content-wrap\" style=\"max-width:1248px;margin-left: calc(-4% \/ 2 );margin-right: calc(-4% \/ 2 );\"><div class=\"fusion-layout-column fusion_builder_column fusion-builder-column-0 fusion_builder_column_1_1 1_1 fusion-flex-column\" style=\"--awb-bg-size:cover;--awb-width-large:100%;--awb-margin-top-large:0px;--awb-spacing-right-large:1.92%;--awb-margin-bottom-large:20px;--awb-spacing-left-large:1.92%;--awb-width-medium:100%;--awb-order-medium:0;--awb-spacing-right-medium:1.92%;--awb-spacing-left-medium:1.92%;--awb-width-small:100%;--awb-order-small:0;--awb-spacing-right-small:1.92%;--awb-spacing-left-small:1.92%;\"><div class=\"fusion-column-wrapper fusion-column-has-shadow fusion-flex-justify-content-flex-start fusion-content-layout-column\"><div class=\"fusion-title title fusion-title-1 fusion-sep-none fusion-title-text fusion-title-size-one\"><h1 class=\"fusion-title-heading title-heading-left\" style=\"margin:0;\">Der KreisSeniorenRat<\/h1><\/div><div class=\"fusion-text fusion-text-1\"><ul>\n<li>ist eine Interessenvertretung der Generationen 50 plus bis zu den Hochbetagten und Langlebigen. Unsere Zielgruppe, f\u00fcr die wir uns engagieren, umfasst inzwischen einen Personenkreis von f\u00fcnf Jahrzehnten<\/li>\n<li>Die Interessen, Lebensl\u00e4ufe, Erfahrungen und Pers\u00f6nlichkeiten sind so unterschiedlich und individuell, wie in den davor liegenden Generationen. Entsprechend richtet er sein Engagement aus<\/li>\n<li>Der KreisSeniorenRat ist ein freiwilliger Zusammenschluss von Verb\u00e4nden, Organisationen, Vereinen, Institutionen und Senioren-treffs. Der Seniorenrat ist unabh\u00e4ngig und arbeitet politisch und konfessionell neutral<\/li>\n<li>F\u00fcr unsere Arbeit und unser Engagement ist der Artikel \u00a7 1 des Grundgesetzes die ma\u00dfgebende Richtschnur<\/li>\n<\/ul>\n<blockquote>\n<p><em>Die W\u00fcrde des Menschen ist unantastbar <\/em><\/p>\n<\/blockquote>\n<p>Auch f\u00fcr \u00c4ltere und Hochbetagte<\/p>\n<p>Wir sind Mitglied des Landesseniorenrates Baden-W\u00fcrttembergs und der Bundesarbeitsgemeinschaft der Senioren-Organisationen. Wir unterst\u00fctzen deren gesellschaftspolitische Themenstellungen zur Verbesserung der Lage \u00e4lterer Menschen in unserer Gesellschaft.<\/p>\n<\/div><\/div><\/div><\/div><\/div>\n","protected":false},"excerpt":{"rendered":"","protected":false},"author":1,"featured_media":0,"parent":0,"menu_order":0,"comment_status":"closed","ping_status":"closed","template":"","meta":{"footnotes":""},"class_list":["post-8","page","type-page","status-publish","hentry"],"_links":{"self":[{"href":"https:\/\/www.seniorenrat-alb-donau-kreis.de\/index.php?rest_route=\/wp\/v2\/pages\/8","targetHints":{"allow":["GET"]}}],"collection":[{"href":"https:\/\/www.seniorenrat-alb-donau-kreis.de\/index.php?rest_route=\/wp\/v2\/pages"}],"about":[{"href":"https:\/\/www.seniorenrat-alb-donau-kreis.de\/index.php?rest_route=\/wp\/v2\/types\/page"}],"author":[{"embeddable":true,"href":"https:\/\/www.seniorenrat-alb-donau-kreis.de\/index.php?rest_route=\/wp\/v2\/users\/1"}],"replies":[{"embeddable":true,"href":"https:\/\/www.seniorenrat-alb-donau-kreis.de\/index.php?rest_route=%2Fwp%2Fv2%2Fcomments&post=8"}],"version-history":[{"count":17,"href":"https:\/\/www.seniorenrat-alb-donau-kreis.de\/index.php?rest_route=\/wp\/v2\/pages\/8\/revisions"}],"predecessor-version":[{"id":240,"href":"https:\/\/www.seniorenrat-alb-donau-kreis.de\/index.php?rest_route=\/wp\/v2\/pages\/8\/revisions\/240"}],"wp:attachment":[{"href":"https:\/\/www.seniorenrat-alb-donau-kreis.de\/index.php?rest_route=%2Fwp%2Fv2%2Fmedia&parent=8"}],"curies":[{"name":"wp","href":"https:\/\/api.w.org\/{rel}","templated":true}]}}